e
Suppose -u = 3*t + 2*t - 7399, 5*u - 37079 = -4*t. Is u composite?
True
Suppose 0 = 6*w - 11*w - 30. Let v(b) = -5*b**3 + b**2 - 9*b - 1. Is v(w) a composite number?
True
Let d(l) = 147*l**3 - 3*l**2 + 7*l - 10. Is d(3) a prime number?
False
Let s(f) = -6*f**2 + 30*f + 6. Let v be s(5). Suppose -2*t - 90 = 2*c, -5*c = -4*t + 52 + 200. Is (592/c)/((-2)/v) a composite number?
False
Suppose 0 = -4*z + 16*z - 180. Is 1109/((-10)/z + 1) a prime number?
False
Is (-4*5/(-20))/(2/112286) a prime number?
False
Suppose -2*c = 6, -2*s + 3*c + 5822 = 7*c. Suppose -d + 5*d - 3*j - s = 0, -5*j - 2907 = -4*d. Is d a prime number?
True
Suppose -760485 = -114*o + 1533537. Is o prime?
True
Suppose 4*o - k - 3964 = 0, 3*o = -o + 2*k + 3968. Suppose 0 = -2*u - 2*u - 1228. Let b = u + o. Is b prime?
True
Let t = 7662 + 1649. Is t a prime number?
True
Let t be (-379)/((-3)/(-2 + -25)). Is t/(-7) - (-42)/(-147) a prime number?
True
Let w(c) = 58*c**2 + 7*c + 3. Is w(7) composite?
True
Suppose 2*a - 7*a + 4 = 2*w, a + 1 = -w. Suppose 4*n + a*v + 2*v - 60 = 0, -2*v = -2*n + 18. Is 20*2*n + 1 a prime number?
False
Suppose -13150 = -l - 3*a - 560, -25215 = -2*l + a. Is l a prime number?
False
Let m(c) = -c**3 - 3*c**2 - c + 4. Let k be m(0). Suppose 2348 = k*h - 0*h. Is h a composite number?
False
Let q be (-1 + 2)*(-20)/(-2). Suppose -6*c + 16 = -q*c. Is (-4332)/(-8) + 2/c composite?
False
Is 2081*-2*3/(-6) a prime number?
True
Let l be 44/10 - 30/75. Suppose 36 - 466 = -2*y - l*n, 5*y + n = 1057. Is y a composite number?
False
Let d(r) = -15*r + 3*r + 10 + 6 + 13*r**2 - 14*r**2. Is d(-7) prime?
False
Let p(t) = 9*t**2 + 15*t - 13. Is p(-16) a prime number?
False
Let m be 6/(-39) + 12/78. Suppose 9*h = 4*h - z + 1293, m = 5*z + 10. Is h prime?
False
Let n be -2 + 2 - 168/(-4). Suppose d + n = 139. Is d a prime number?
True
Suppose 0 = 13*k - 8*k - y - 19951, 3*k - 11993 = -5*y. Is k composite?
True
Suppose b + 1 = 3*y - 1, y - b + 2 = 0. Let w = -871 - -1409. Suppose -w = -0*i - y*i. Is i a composite number?
False
Suppose 1 = 2*x - 9. Suppose 44 = -x*u + 759. Is u a composite number?
True
Let v(n) = 2*n**2 + 12*n - 11. Let g = -80 + 88. Is v(g) composite?
True
Suppose 0*f + 64 = f. Let g = 15 - f. Is 15/(-1)*g/21 prime?
False
Let s(m) = 4*m**3 + 1. Let k = 2 + 0. Let i(l) = l**3 - 2*l**2 + l. Let j be i(k). Is s(j) a prime number?
False
Let b = -70 - -1769. Let w = 621 + b. Suppose 2235 = 5*j - 5*v, -4*j = v + 537 - w. Is j a prime number?
False
Let m(z) = -z**3 + 3*z - 4. Let v be ((-10)/15)/(2/9). Let q be m(v). Let k(a) = 23*a - 15. Is k(q) a composite number?
False
Suppose 0 = -5*v + 4*t - 5394, -5*v - 5414 = -0*t + t. Is -1*(v/(-2))/(-1) a composite number?
False
Suppose 4*s - 15 = 2*o - 67, -5*o + 70 = 2*s. Let b be -3 + 56 - 0 - 3. Let w = b - o. Is w a composite number?
True
Suppose -d + 310 = 4*d. Suppose 0 = r + d + 14. Let f = 203 + r. Is f a prime number?
True
Suppose 49572 + 29347 = 3*z - 2*y, 4*z - 105202 = -2*y. Is z prime?
False
Let p(k) = -k - 5. Let i(u) = u - 1. Let b(h) = 3*i(h) + p(h). Let x be b(5). Suppose -5*m - 5*v = -1550, -x*v - v = 2*m - 623. Is m prime?
True
Suppose 13*c = 97818 + 69349. Suppose -c = -19*z + 8*z. Is z prime?
False
Let v(d) = -544*d + 43. Let z be v(7). Let m = -2032 - z. Is m a composite number?
False
Let g(y) = -y**2 - 2*y + 5. Let z be g(-3). Suppose -5*a + z*i + 5703 = 0, -5*a - 2*i = -5*i - 5702. Is a composite?
True
Let q = 14429 + -8350. Is q composite?
False
Suppose -7*n + 352 = -1356. Let s = -148 + n. Let u = s - 11. Is u a composite number?
True
Let o = 916 - 2174. Let u = o + 1979. Is u a prime number?
False
Let x(h) be the first derivative of -6*h**4 + h**3/3 + 5*h - 17. Is x(-3) prime?
False
Suppose 506641 - 78082 = 69*t. Is t a composite number?
False
Suppose -10549 = 2*r - 9*r. Is r composite?
True
Suppose 6*g - 1292021 = -5*x, -g - 6*x + 215351 = -8*x. Is g a prime number?
False
Suppose -z + n = -609, -2*n = -n + 4. Let c = z + -292. Let m = c + -114. Is m a composite number?
False
Let f(y) = 10*y - 2*y + 97*y - 6 + 3. Let w be f(6). Is (-1)/(-4) - w/(-4) a composite number?
False
Let y be (-1508)/(-18) + 42/189. Suppose 576 = 6*c + y. Is c a composite number?
True
Let d(h) = -h**2 - 6*h + 4322. Is d(0) prime?
False
Suppose 4*k = 2*k + g + 4, 5*k - g = 16. Suppose -k*o + 1940 = -2208. Suppose -4*q - 5*v + o = 323, -5*v + 171 = q. Is q a prime number?
True
Suppose -2346 - 1502 = -2*c + 2*d, -2*c + d + 3845 = 0. Is c prime?
False
Suppose -4*k = -4*d + 876, 5*k + 364 = -3*d - 723. Let u = 409 + k. Is u a prime number?
True
Let b = -661 + 2204. Is b a composite number?
False
Suppose -2*l = -14032 + 96296. Is -1 + l/(-49) + 8/14 a prime number?
True
Suppose 0*l = l - 50. Let p = l + -40. Is p composite?
True
Suppose -72*o + 75*o - 19497 = 0. Is o composite?
True
Suppose 4967 + 6167 = 4*d + 2*l, 0 = d - 4*l - 2797. Is d composite?
True
Suppose -4*c + p = -9307, 3*c - 904 = 2*p + 6080. Is c a composite number?
True
Let m(x) = x**2 - 5*x - 2. Let f be m(6). Suppose 0*t - f*y + 431 = t, 4*y + 1341 = 3*t. Is t a composite number?
False
Suppose 2*s + 4*y + 890 = 4*s, s - 463 = -4*y. Suppose -64 = 3*o - s. Is o prime?
False
Let l = -893 + 1392. Is l a prime number?
True
Let y(u) be the second derivative of 0 - u - 11/6*u**3 + 1/6*u**4 + 11/2*u**2 + 1/20*u**5. Is y(9) composite?
True
Suppose 2*o = -8*o - 5060. Let s = o - -1129. Is s a composite number?
True
Let i = 46 + -36. Suppose i*u - 5444 = 6*u. Is u a prime number?
True
Let v = -2 + 59. Suppose -v - 99 = -6*l. Is l a prime number?
False
Let m = -841 + 2210. Is m a composite number?
True
Let d = -924 - -1505. Let v = -208 + d. Is v a prime number?
True
Is 13248 + 8 + (-6 - -9) composite?
False
Suppose -3*y + 144107 = 3*u + u, 0 = 4*y + 12. Is u composite?
True
Let y = 72 + -63. Is (6/4)/(((-45)/(-170))/y) a composite number?
True
Let h(n) = 4*n + 323. Let c(l) = l**3 - 4*l**2 + 5. Let p be c(4). Suppose -25 = 5*b, 20 = p*d + b - 5*b. Is h(d) prime?
False
Suppose 0 = -323*m + 314*m + 34083. Is m composite?
True
Let i = 2852 - -10001. Is i a prime number?
True
Let g be (-3)/(-4) + 79/(-4). Let b = -169 + 285. Let y = g + b. Is y prime?
True
Let x(g) = 2*g + 2. Let o be x(-3). Let w = -7 - o. Let z(f) = -8*f**3 - 2*f**2 + f - 4. Is z(w) composite?
False
Let x be (-1 + 0)/(5/(-205)). Suppose 5*w - x = -4*r, -r + 2*w - 6 = -0*w. Is (-125)/(-4) + (-1)/r a composite number?
False
Let j(r) = -r**2 + 21*r - 13. Let z(u) = 5*u - 3. Let t be z(-3). Let h = t + 33. Is j(h) prime?
False
Suppose -4*b + 6 = 2. Let w(v) = v + 1. Let n be w(b). Suppose -n*l + 0*l = 6, -2*a = -2*l - 200. Is a composite?
False
Let n(m) = 9*m**3 - 2*m**2 + 4*m + 6. Suppose -15*c + 25 = -10*c. Is n(c) a prime number?
False
Let u(t) = 3*t**3 - 3*t**2 - 2*t. Let b be u(-4). Let z = 603 + b. Is z a composite number?
True
Let k = 22879 + -15270. Is k a composite number?
True
Let u = 21 - 29. Let d be 9260/45 - u/36. Suppose -3*j + 3*v = -d - 64, -426 = -5*j - 3*v. Is j prime?
False
Let h(g) = 55*g**3 + 3*g**2 - 4*g + 2. Let m be h(2). Suppose 2*u - 132 = m. Is u a composite number?
True
Let v(g) = -73*g - 10. Let m be v(-4). Let c = -110 + m. Suppose 3*d - c = 95. Is d prime?
True
Let j(g) be the third derivative of -g**5/60 - 11*g**4/12 + g**3 - 2*g**2. Let u(d) = d**3 - 11*d**2 + d - 22. Let x be u(11). Is j(x) a prime number?
True
Suppose 0 = -5*h + 6*h - 2. Suppose h*x - 721 = -q + 3*x, -2*x = -5*q + 3593. Is q a composite number?
True
Suppose 4*c - 37 = 39. Let k = c + -18. Is (-2302)/(-5 - (k - 4)) a prime number?
True
Let o be ((-2)/5)/((-4)/(42 - 2)). Suppose -4*r + 123 = r - o*l, 5*l + 102 = 4*r. Is r a prime number?
True
Let v(y) = 26*y + 25. Let j(r) = 8*r**2 - r + 1. Let s be j(1). Is v(s) composite?
False
Let q(i) = 3225*i**2 + i - 5. Is q(-2) a prime number?
True
Let w be 14/4 + (18/4)/3. Is w*-2*521/(-2) composite?
True
Let f(p) = 64*p + 957. Is f(61) composite?
False
Suppose -10*w + 12665 = -15065. Is w a composite number?
True
Suppose 0 = 2*n + 1 - 5, g - 1 = -5*n. Let w(u) = 4*u**2 - 8*u - 17. Is w(g) prime?
True
Let s(j) = j**3 - 4*j**2 + 3*j. Let x be s(3). Suppose x = -0*u + 5*u. Suppose u = -5*w + w + 4*o + 1936, 4*w - 5*o = 1939. Is w a composite number?
True
Let p(b) be the f